6
Let j(w) = w - 8. Calculate j(-10).
-18
Let z(q) = 22*q + 1662. Give z(-76).
-10
Let y(l) = 93*l - 366. Determine y(4).
6
Let k(a) = -2*a + 4. Determine k(6).
-8
Let j(g) = -3*g**2 + 13*g + 25. What is j(-2)?
-13
Let h(s) = -8*s - 12. Determine h(-3).
12
Let b(x) = 21*x + 4. Calculate b(-2).
-38
Let o(m) = -m**3 + 6*m**2 + 4*m - 26. Calculate o(6).
-2
Let l(u) = u**2 + 14*u - 30. Determine l(-17).
21
Let z(g) = g**3 - 4*g - 4. Calculate z(-2).
-4
Let t(w) = w**3 + 5*w**2 - 16*w - 7. Calculate t(-6).
53
Let g(q) = q**3 - 16*q**2 + 15*q + 2. Calculate g(15).
2
Let p(b) = 54*b - 329. Give p(6).
-5
Let g(h) = -5*h - 7. Calculate g(-6).
23
Let o(z) = z**3 - 22*z**2 + 20*z + 15. Give o(21).
-6
Let m(q) = 7*q**2 + 5*q - 4. What is m(1)?
8
Let w(b) = b**3 + 2*b**2 - 5*b + 3. Determine w(-4).
-9
Let u(o) = 9*o**3 + o - 1. Calculate u(1).
9
Let i(d) = -d**2 - 17*d - 51. What is i(-13)?
1
Let r(y) = -y**2 - 24*y - 71. Determine r(-19).
24
Let h(x) = -x**3 - 11*x**2 + 14*x + 14. What is h(-12)?
-10
Let f(s) = -4*s**2 + 15*s - 8. Give f(3).
1
Let b(i) = 65*i**3 - i**2 + 2*i - 1. Give b(1).
65
Let i(o) = -o**3 + 7*o**2 + o - 9. What is i(6)?
33
Let p(g) = g**2 - 13*g - 6. What is p(13)?
-6
Let f(l) = l**3 + 6*l**2 - 6*l + 2. Calculate f(-7).
-5
Let n(r) = -5*r**2 - 295*r + 7. Give n(-59).
7
Let n(f) = -f - 21. Determine n(-9).
-12
Let m(g) = -g**3 - 11*g**2 - 19*g - 12. Determine m(-9).
-3
Let q(k) = -k**3 + 5*k**2 - 2*k. Determine q(4).
8
Let i(f) = f**2 + f - 7. What is i(10)?
103
Let z(s) = 12*s**2 + 10*s - 1. Calculate z(3).
137
Let o(y) = 19*y + 168. What is o(-11)?
-41
Let g(h) = 4*h**3 + h**2 + 4. Calculate g(-2).
-24
Let k(o) = -o - 10. Determine k(5).
-15
Let i(d) = -d**2 + 15*d + 2. Calculate i(15).
2
Let n(f) = 6*f**2 - 4*f - 1. Calculate n(2).
15
Let s(m) = m**3 + 4*m**2 - 15*m + 10. Give s(-7).
-32
Let r(c) = 52*c - 609. Give r(12).
15
Let f(y) = -2*y**2 - 28*y - 54. What is f(-17)?
-156
Let l(x) = x**2 + 10*x + 14. Calculate l(-7).
-7
Let o(k) = -2*k**2 + 2*k - 3. Determine o(2).
-7
Let d(w) = -w**3 - 20*w**2 - 20*w - 14. Calculate d(-19).
5
Let o(z) = -24*z**3 + z**2 + z - 3. What is o(1)?
-25
Let s(b) = 16*b**3 - b**2 + 2*b - 1. What is s(1)?
16
Let y(l) = l**2 - 8*l - 3. Determine y(10).
17
Let j(o) = o**2 + 5*o + 5. Give j(-5).
5
Let w(f) = 8*f**3 + 5*f**2 - 4*f + 2. Determine w(2).
78
Let r(a) = a**3 - 2*a**2 - 10*a + 6. Determine r(4).
-2
Let b(r) = -r**3 - 12*r**2 + r + 6. Give b(-12).
-6
Let r(f) = f**2 + 22*f + 80. Calculate r(-4).
8
Let s(p) = -4*p**2 + 3*p + 4. What is s(2)?
-6
Let z(m) = -4*m + 22. What is z(7)?
-6
Let f(h) = 34*h - 79. Calculate f(3).
23
Let d(u) = 4*u + 29. Calculate d(-16).
-35
Let i(s) = s**3 - 7*s**2 - 8*s + 1. What is i(8)?
1
Let n(h) = h**3 + 22*h**2 + 40*h + 2. What is n(-20)?
2
Let m(d) = -6*d - 29. Give m(-4).
-5
Let q(o) = -2*o**3 + 10*o**2 - o - 17. What is q(4)?
11
Let r(b) = 7*b**2 + 4*b + 10. What is r(-2)?
30
Let k(m) = -m**3 - 2*m**2 - 2*m - 6. Calculate k(-3).
9
Let p(i) = -2*i**2 - i - 3. Give p(-4).
-31
Let w(q) = 11*q**2 - q - 3. What is w(-2)?
43
Let b(j) = -17*j**2 + 5*j + 4. Determine b(-1).
-18
Let u(m) = 16*m + 116. Determine u(-7).
4
Let b(t) = -t**3 + 21*t**2 - 54. Calculate b(21).
-54
Let q(j) = j**2 + 14*j + 19. Determine q(-12).
-5
Let j(d) = d**3 - d**2 + 2*d + 1. Determine j(0).
1
Let w(r) = -2*r + 15. Give w(-1).
17
Let p(a) = 2*a**3 + 13*a**2 + 11*a - 15. Calculate p(-5).
5
Let j(g) = g**3 - 6*g**2 + 13*g - 27. What is j(5)?
13
Let i(m) = m**3 - 16*m**2 + 53*m + 26. What is i(11)?
4
Let t(g) = -g**3 - 2*g**2 + 5*g + 1. Determine t(-4).
13
Let z(s) = -s**3 - 7*s**2 - 8*s - 7. Calculate z(-7).
49
Let x(c) = -c**3 + 13*c**2 - 11*c - 3. What is x(12)?
9
Let l(d) = 5*d**2 - d. Determine l(1).
4
Let c(l) = 17*l**3 - l**2 + l. Calculate c(1).
17
Let k(d) = -3*d. Calculate k(-7).
21
Let g(n) = 28*n**2 - 18*n - 19. Give g(-1).
27
Let c(v) = -5*v - 3. Calculate c(-1).
2
Let a(g) = g - 20. Determine a(21).
1
Let v(m) = 9*m + 80. What is v(-12)?
-28
Let d(w) = 3*w - 20. Give d(-17).
-71
Let y(q) = -5*q - 74. Calculate y(-16).
6
Let r(m) = m**2 - 8*m + 45. Determine r(0).
45
Let u(x) = x**3 - 7*x**2 + 81*x - 448. Determine u(6).
2
Let x(c) = 37*c - 6. What is x(-2)?
-80
Let o(v) = v**2 - 2*v - 19. What is o(5)?
-4
Let u(s) = -s**2 + 8*s - 26. Calculate u(10).
-46
Let o(a) = a**3 - 13*a**2 - 15*a + 12. Calculate o(14).
-2
Let y(r) = -2*r**3 + 4*r**2 - 2*r - 12. Give y(-3).
84
Let w(q) = 26*q - 107. Give w(6).
49
Let i(f) = -f**2 + 28*f - 115. Give i(5).
0
Let v(t) = -t**3 - 25*t**2 + 26*t + 8. Give v(-26).
8
Let d(b) = 15*b**2 - 2*b + 1. Determine d(1).
14
Let j(x) = -x - 8. What is j(-4)?
-4
Let v(u) = -u**3 - 15*u**2 + 16*u - 3. What is v(-16)?
-3
Let n(m) = 4*m**2 - 7*m + 4. Calculate n(7).
151
Let d(p) = p**2 - 10*p - 7. Give d(10).
-7
Let m(z) = 2*z**3 + 19*z**2 - 10*z + 3. Determine m(-10).
3
Let i(u) = -2*u**2 + 30*u + 13. What is i(15)?
13
Let s(b) = -b**2 + 3*b - 62. Determine s(0).
-62
Let n(v) = -66*v**3 - v**2. Calculate n(-1).
65
Let h(k) = -k**3 + 11*k**2 + k - 17. Give h(11).
-6
Let f(j) = -j**3 + 7*j + 1. What is f(-3)?
7
Let u(x) = -2*x**2 + 41*x + 156. Determine u(24).
-12
Let b(r) = -5*r**2 - 3*r + 7. Determine b(4).
-85
Let y(r) = -3*r**2 - 18*r - 2. Determine y(-6).
-2
Let y(l) = -l**3 + 8*l**2 - 5*l - 7. Determine y(7).
7
Let j(a) = a**2 + 13*a + 37. What is j(-11)?
15
Let t(p) = -p**3 - 9*p**2 - p - 4. Calculate t(-8).
-60
Let d(t) = -t**3 - 15*t**2 - 2*t + 18. Determine d(-14).
-150
Let c(y) = -y**2 + y. Give c(4).
-12
Let q(a) = 3*a**2 - 26*a + 20. Determine q(8).
4
Let f(l) = -2*l**2 - 4*l + 1. Determine f(-6).
-47
Let t(j) = j**3 - 5*j**2 + 12*j - 61. What is t(5)?
-1
Let t(j) = j - 13. Calculate t(10).
-3
Let w(g) = -g**3 + 9*g**2 - 13*g + 34. Give w(8).
-6
Let l(i) = -2*i - 4. Determine l(5).
-14
Let d(f) = -3*f**3 + 11*f**2 + 9*f - 1. Determine d(4).
19
Let s(z) = -3*z + 56. Give s(-4).
68
Let x(u) = -4*u + 14. Calculate x(-6).
38
Let z(i) = i**2 - 12*i + 20. What is z(9)?
-7
Let a(z) = -2*z - 58. What is a(-28)?
-2
Let d(c) = 36*c**2 + 3*c + 2. Give d(-1).
35
Let v(q) = 14*q + 5. What is v(-3)?
-37
Let h(c) = c**2 + 6*c - 3. What is h(-6)?
-3
Let h(k) = 9*k - 7. What is h(1)?
2
Let d(b) = -b**3 - 7*b**2 - 8*b - 11. Give d(-6).
1
Let n(k) = k**2 + 2*k. What is n(3)?
15
Let j(c) = -4*c - 7. Calculate j(-6).
17
Let c(g) = -2*g**2 - 4*g - 1. Calculate c(-3).
-7
Let q(l) = l**2 - 273*l + 1079. Determine q(4).
3
Let m(h) = h**2 + 9*h + 3. Calculate m(-9).
3
Let v(r) = -r**3 - 4*r**2 + 3*r + 4. Calculate v(-4).
-8
Let a(j) = j - 58. Determine a(18).
-40
Let z(u) = -u - 16. What is z(-13)?
-3
Let x(t) = 34*t + 19. Give x(-1).
-15
Let u(i) = -6*i**3 + 3*i**2 - 2*i. Determine u(2).
-40
Let h(t) = -11*t - 4. Calculate h(1).
-15
Let n(p) = 4*p**3 - 2*p - 3. Give n(-2).
-31
Let r(a) = a**2 - 11*a + 8. What is r(10)?
-2
Let a(l) = 28*l - 1876. Give a(67).
0
Let r(o) = -6*o + 6. Give r(-2).
18
Let m(s) = s**3 + 12*s**2 + 18*s + 209. Give m(-12).
-7
Let j(n) = n**3 - 6*n**2 + 2*n - 6. Give j(6).
6
Let n(g) = 22*g + 121. What is n(-5)?
11
Let j(i) = -24*i**2 + 2*i + 2. Give j(2).
-90
Let j(b) = -b - 2. Calculate j(4).
-6
Let s(d) = -d**3 - 7*d**2 - 2*d. What is s(-7)?
14
Let m(y) = -6*y - 8. Calculate m(-3).
10
Let s(p) = -p**3 + 5*p**2 + 4*p. Calculate s(5).
20
Let a(c) = 3*c**3 + 3*c**2 - 2*c. Calculate a(1).
4
Let a(i) = -i**2 - 5. Give a(-2).
-9
Let c(m) = -m**3 + 17*m**2 - 2*m + 38. Determine c(17).
4
Let p(k) = 7*k**2 + 2*k - 1. Calculate p(1).
8
Let s(m) = m**3 + 5*m**2 - 7*m - 1. Give s(-5).
34
Let x(k) = -k - 4. Calculate x(-3).
-1
Let k(i) = -i**3 - i**2 - i + 26. Determine k(0).
26
Let y(j) = -10*j + 1. Determine y(-1).
11
Let j(s) = -9*s - 15. Calculate j(5).
-60
Let d(p) = 3*p**3 + p**2 - 6*p - 3. Determine d(-2).
-11
Let o(f) = -f**2 - 9*f + 124. Calculate o(-14).
54
Let a(h) = 2*h + 65. Determine a(-22).
21
Let w(o) = o**3 + 11*o**2 + 11*o + 3. Give w(-10).
-7
Let q(x) = x**3 - 3*x**2 - 6*x + 3. What is q(5)?
23
Let f(i) = -12*i**2 - 4*i - 2. Give f(-2).
-42
Let d(c) = 296*c - 1187. Determine d(4).
-3
Let z(w) = 21*w**2 - 1. Calculate z(1).
20
Let y(r) = r**2 - 12*r. Calculate y(11).
-11
Let j(c) = c**2 + 9*c + 14. What is j(-5)?
-6
Let c(j) = j**2 + 13*j + 2